to base 6.
-2453330
4673348 (base 9) to base 4
21221103023
What is -547400 (base 13) in base 11?
-113775a
100110001010100011001110 (base 2) to base 10
10004686
What is 1520006 (base 8) in base 4?
1222000012
What is 1111000000000001 (base 2) in base 15?
13311
Convert 2ce4c (base 15) to base 10.
144972
Convert 10100001111111110 (base 2) to base 15.
19897
-328764 (base 10) to base 15
-67629
Convert 8bf12 (base 16) to base 12.
23786a
Convert 1005621 (base 9) to base 5.
114114331
What is -1111120011000 (base 3) in base 5?
-201021423
807253 (base 13) to base 2
1011011001000010010001
Convert 113222102 (base 5) to base 7.
4306645
-17797a0 (base 11) to base 8
-13377305
What is 3c9863 (base 16) in base 7?
45516521
What is -5c237 (base 13) in base 14?
-45b0d
14424231 (base 6) to base 3
221110112101
-12101234 (base 7) to base 2
-100000110101110010010
What is 10313320 (base 4) in base 6?
232224
Convert -925a1 (base 14) to base 13.
-c44c1
Convert -2249915 (base 10) to base 5.
-1033444130
What is afa0f (base 16) in base 15?
e3235
Convert 175364 (base 11) to base 10.
270626
What is 122e5e (base 15) in base 8?
3244326
Convert -1280167 (base 9) to base 7.
-5653066
What is 4515002 (base 6) in base 9?
376532
Convert 566930 (base 13) to base 12.
826065
Convert a3a20 (base 11) to base 5.
14323020
Convert 2551828 (base 9) to base 8.
5237317
-202043243 (base 5) to base 14
-173264
Convert -49992 (base 15) to base 16.
-3961d
Convert d008 (base 16) to base 2.
1101000000001000
-56413246 (base 7) to base 16
-4aaebf
Convert 214235255 (base 7) to base 6.
1135434415
Convert 7a554 (base 11) to base 7.
663352
What is -12262716 (base 9) in base 11?
-3431a04
5645300 (base 9) to base 7
34565505
Convert -110110101101000000111 (base 2) to base 14.
-349371
131330233 (base 5) to base 2
10011111001010100111
-110000111110111011 (base 2) to base 3
-101012012221
What is 8c4f2 (base 16) in base 10?
574706
What is -27673173 (base 8) in base 4?
-113313121323
Convert 1383e (base 16) to base 15.
18a3e
What is 5506074 (base 10) in base 12?
1a16476
-13b85 (base 13) to base 15
-aeea
-113202344 (base 5) to base 7
-4303343
Convert 7668778 (base 9) to base 7.
50010203
-111001100101000101001 (base 2) to base 16
-1cca29
Convert 18ccc66 (base 13) to base 6.
451024253
What is 130339 (base 16) in base 6?
42412321
-342303024 (base 5) to base 14
-2b9c85
What is -6433467 (base 8) in base 10?
-1718071
-14624406 (base 7) to base 14
-2869ad
1226230 (base 7) to base 11
a8987
Convert 110ba0 (base 12) to base 9.
453103
1656356 (base 10) to base 5
411000411
-13154164 (base 8) to base 15
-3d0c31
What is 8c4d7 (base 14) in base 7?
2620560
111011011100111 (base 2) to base 12
15747
What is 6703 (base 16) in base 3?
1100011201
Convert -122212201112 (base 4) to base 9.
-14107782
-18517235 (base 9) to base 13
-1c20c98
Convert 66648 (base 9) to base 14.
121c2
Convert 2532303 (base 7) to base 2.
1001111111011001100
760740 (base 8) to base 11
164182
Convert -5b381d (base 14) to base 15.
-419d68
Convert -163cf (base 16) to base 5.
-10403322
Convert 1000211111 (base 3) to base 14.
7574
Convert 374183 (base 11) to base 16.
90548
Convert -431444 (base 5) to base 9.
-22048
What is -62036 (base 12) in base 2?
-11111001110101010
What is -32323013 (base 4) in base 2?
-1110111011000111
Convert -5321154 (base 9) to base 3.
-12100201011211
Convert 2101102020020 (base 3) to base 15.
1a0a19
-219667 (base 10) to base 14
-5a0a7
-12001000221210 (base 3) to base 4
-22031231100
Convert -355105 (base 6) to base 14.
-b3b3
-367773 (base 10) to base 5
-43232043
What is 15671710 (base 10) in base 12?
52b933a
What is 13d9808 (base 14) in base 11?
5504257
Convert a247c (base 13) to base 10.
290783
What is -12211202 (base 5) in base 3?
-12220201010
What is -1310233012 (base 4) in base 13?
-13983a
Convert 14596a (base 13) to base 6.
14402055
What is -42015645 (base 7) in base 15?
-49c143
Convert -85272 (base 15) to base 9.
-713418
What is -129505 (base 12) in base 13?
-a9712
What is -357ea1 (base 16) in base 14?
-6738c1
What is 110101100101011011100 (base 2) in base 11?
a9a234
Convert -94900 (base 14) to base 2.
-1010111100001010100
-34a260 (base 11) to base 13
-165a01
-466a8 (base 16) to base 7
-2310613
Convert -11a3543 (base 11) to base 4.
-13330231103
Convert -1101431410 (base 5) to base 15.
-31d605
What is -39470a5 (base 12) in base 3?
-210020201112122
What is -71a14 (base 12) in base 3?
-21112110221
141273 (base 10) to base 9
234710
What is 2064236 (base 7) in base 6?
5214545
Convert 60be32 (base 15) to base 13.
c4c286
5cba79 (base 16) to base 3
102102202010220
What is -9e2d4 (base 16) in base 6?
-21515300
Convert 110004021 (base 5) to base 15.
94091
Convert 12021211023 (base 4) to base 6.
54315243
What is 100211011022 (base 3) in base 5?
22141201
What is -2022201120 (base 3) in base 13?
-17a75
1366776 (base 11) to base 14
452d48
-27756 (base 8) to base 16
-2fee
Convert -48d679 (base 16) to base 3.
-22222112000012
-1c42d (base 14) to base 9
-118887
Convert -111101011101101010111 (base 2) to base 10.
-2014039
-93aeb (base 15) to base 2
-1110010010011111101
3235500 (base 6) to base 7
1236264
What is -1547460 (base 10) in base 11?
-9676a2
-100030302 (base 4) to base 15
-149d9
-22307106 (base 8) to base 4
-102120321012
Convert -423300240 (base 5) to base 14.
-342c6a
1113201033 (base 4) to base 16
5784f
What is 67076 (base 14) in base 3?
110200200011
What is -21004134 (base 5) in base 13?
-60630
3122210233 (base 4) to base 5
212122104
What is -2363202 (base 7) in base 6?
-10242410
What is 471265 (base 11) in base 5?
142421320
Convert b6096 (base 12) to base 11.
15327a
1342210 (base 6) to base 7
433431
Convert 41421 (base 12) to base 3.
11022222021
What is -120301212113 (base 4) in base 3?
-110012221221022
Convert 133422113 (base 5) to base 3.
1021211220000
-1816592 (base 13) to base 10
-7839860
3326453 (base 10) to base 8
14540765
-786046 (base 10) to base 11
-497628
-213030100023 (base 4) to base 15
-d7e153
What is 17450622 (base 8) in base 9?
7614314
What is 44312 (base 5) in base 16?
c0a
What is -11e7a (base 16) in base 11?
-50111
-2450633 (base 7) to base 2
-1001100110111100001
Convert 2011612 (base 8) to base 3.
222220001100
What is 456ec (base 16) in base 2?
1000101011011101100
Convert -4024321 (base 6) to base 2.
-101110011011111001
What is 541932 (base 11) in base 13?
2443b6
-27096 (base 13) to base 7
-421506
-100100000000000100111 (base 2) to base 4
-10200000213
Convert -2432413210 (base 5) to base 4.
-111323103122
What is 20433254 (base 6) in base 5?
123024433
42203240 (base 5) to base 14
919db
-100002002212 (base 3) to base 15
-37e22
Convert 244b44 (base 13) to base 3.
1122002000212
201033 (base 9) to base 13
4213b
565a0 (base 11) to base 2
10011111111110010
-14688a2 (base 11) to base 10
-2515339
Convert 1112110101111 (base 3) to base 9.
1473344
-43514505 (base 7) to base 2
-1110001111111010001001
Convert 342112320 (base 6) to base 7.
104136120
12002120032 (base 4) to base 8
6023016
-241130124 (base 5) to base 12
-458aba
What is 21a66 (base 13) in base 4?
32322211
What is 110100001111001011 (base 2) in base 4?
310033023
What is -2b39d (base 16) in base 7?
-1335122
What is -3141034 (base 5) in base 3?
-2200012210
Convert -603b6b (base 15) to base 11.
-26407a2
What is -45052603 (base 7) in base 13?
-a65097
Convert 14d5d3 (base 15) to base 11.
6286a1
-4831 (base 16) to base 3
-221100111
29e0e (base 16) to base 5
20442114
-202102100220122 (base 3) to base 15
-e4588e
-1001011111000110010 (base 2) to base 14
-813c6
What is 33014 (base 5) in base 3?
10002200
Convert 245600 (base 8) to base 10.
84864
-348266 (base 10) to base 15
-6d2cb
Convert -1105364 (base 7) to base 13.
-4a0b7
-344986 (base 15) to base 2
-1001100001011100010100
Convert -221211200 (base 4) to base 9.
-278582
-292b5 (base 12) to base 2
-1110000001101001
What is -163133 (base 8) in base 13?
-20ac3
Convert -1680468 (base 9) to base 10.
-938609
Convert -5005360 (base 7) to base 6.
-20352101
Convert -3324330 (base 6) to base 11.
-104418
Convert 11111111100100100 (base 2) to base 5.
13141402
Convert -8290272 (base 10) to base 5.
-4110242042
What is 2122520 (base 6) in base 3?
12022002010
What is 4576210 (base 8) in base 11?
77a949
What is b3469 (base 12) in base 7?
1663014
What 